7*c + 22. Let v be z(3). Let b(x) = 180*x + 9. List the prime factors of b(v).
3, 7
Suppose 14*i = 8260 - 1708. List the prime factors of i.
2, 3, 13
Suppose -3*a - 2*a - 5 = -p, 35 = -5*a - 5*p. Let g be (-37)/(-6) - (-10)/(-60). Let d = a + g. List the prime factors of d.
2
Suppose 4*m - o - 11 = 0, 4*m = -2*o - 1 + 3. Let c be m/(-6)*(-18)/2. Suppose 0 = -3*y - 0*s + 3*s + 24, c*y + s - 12 = 0. What are the prime factors of y?
5
List the prime factors of 2/(-3) + (-2524)/(-6).
2, 3, 5, 7
List the prime factors of (-21 - -147)*(-22)/(-4).
3, 7, 11
List the prime factors of (188/141)/(1/357).
2, 7, 17
Let g = 3 + 4. Suppose c - 12 - 20 = 0. Suppose -r = -c + g. List the prime factors of r.
5
List the prime factors of (-6)/(-60) - (-14478)/20.
2, 181
Suppose -4*j + 4 = -4. Suppose 5*d = 2*i + 299 + 138, 4*d + j*i = 364. List the prime factors of d.
89
Suppose 5*w - u = 15855, -3*u = -4*w - 0*w + 12684. List the prime factors of w.
3, 7, 151
Let l(t) be the first derivative of 3*t**2/2 - 3*t - 5. Let d be l(10). Let p = 41 - d. List the prime factors of p.
2, 7
Let z be 1/(((-28)/8)/(-7)). Suppose -303 = -v - 4*v - 2*a, 0 = z*v + 5*a - 117. Suppose 2 = 3*q - v. List the prime factors of q.
3, 7
Let k(v) = -v**3 - 6*v**2. Let c be k(-6). Suppose c = z - 5*f - 162 - 76, 3*z = 2*f + 766. What are the prime factors of z?
2, 3, 43
Suppose 5*i - 370 - 170 = 0. Suppose 0*h + i = 3*h. List the prime factors of h.
2, 3
Let b = -1094 - -1601. What are the prime factors of b?
3, 13
Let k(t) = -2*t**2 + 9*t + 2. Let r be k(4). Suppose -5*q = -r*q + 69. Suppose q = 3*b - 111. What are the prime factors of b?
2, 3, 5
Suppose 0 = 2*q - 1116 - 54. List the prime factors of q.
3, 5, 13
Let x(n) = 4*n**2 + 10*n + 16. Let r(m) = m**2 - m. Let b(l) = -3*r(l) + x(l). Suppose 4*i - 5 + 53 = 0. List the prime factors of b(i).
2
Let g(c) = -c**3 - 3*c**2 + 3*c - 1. Let t(v) = -v**3 + 3*v - 2. Let n be t(2). Let w be g(n). Suppose -2*s + w = -17. What are the prime factors of s?
2, 5
Suppose 2*d - 2 = -4*j + 8, 2 = -j. Let g(v) = v**3 - 8*v**2 - v - 6. Let m be g(d). Suppose -6*a - m = -9*a. What are the prime factors of a?
2, 11
Let u(v) = -v**3 - 6*v**2 + 2*v**3 - 8*v**2 + 20 - 2*v**2 + 14*v. What are the prime factors of u(15)?
5
Suppose x - 4*s + 447 = -9*s, 0 = x + 4*s + 442. Let p = x + -428. What are the prime factors of (-1)/(-2) + p/(-20)?
43
Suppose -3*j + 3564 = 864. What are the prime factors of j?
2, 3, 5
Let y = -412 + 665. What are the prime factors of y?
11, 23
Let d = -1783 - -2552. What are the prime factors of d?
769
Let n = -2 - 5. Let d(s) = -8*s + 11. What are the prime factors of d(n)?
67
List the prime factors of -3 + 4 + 2*114.
229
Suppose 4*v - 5*v + 1061 = 0. List the prime factors of v.
1061
Let l = 1 + -11. Let b = l - -68. What are the prime factors of b?
2, 29
Suppose -2*m - 42 = -2*o, o + 4*m = 3*o - 40. Let s = o + -13. Suppose 3*c = s*c - 240. What are the prime factors of c?
2, 5
Let x = -870 + 1220. What are the prime factors of x?
2, 5, 7
Suppose 0 = 14*p - 862 - 1518. List the prime factors of p.
2, 5, 17
Let j(v) = v**2 - 14*v - 103. List the prime factors of j(-14).
17
Suppose 2*m + 4*o = 3912 + 618, -4*m + 3*o + 9093 = 0. What are the prime factors of m?
3, 757
Suppose 4*w = -4, 8*f = 3*f - 3*w - 153. Let c be 5/f + (-271)/(-6). Suppose -5*s + 236 = -b, -b - c = -2*s + 50. What are the prime factors of s?
47
Let w(a) = 2*a**2 + a + 1. Let i be w(-1). Suppose i*z = -z + 105. What are the prime factors of z/2*8/5?
2, 7
Let q be (-111)/(-48)*4*(3 + 1). Let d be 34/(-4) - (-1)/2. Let j = q + d. List the prime factors of j.
29
Suppose -12 = 6*t - 10*t. What are the prime factors of (14/t)/(-7) + (-281)/(-3)?
3, 31
Let p(f) = f**2 + 19*f - 17. What are the prime factors of p(7)?
3, 5, 11
Let z = -35 - -42. Let y(o) = -3*o**2 - 2*o**3 - 2*o**2 + o**2 + z*o + 6 + 0*o**2. List the prime factors of y(-4).
2, 3, 7
Suppose -3*a + 5*k + 1538 = 3*k, a = -5*k + 490. List the prime factors of a.
2, 3, 5, 17
Let o = 5616 - 1734. List the prime factors of o/27 + -2 + 40/18.
2, 3
Let b(q) = 11*q. Suppose 2*p + 4*m = 3 - 1, 5*p - 4*m - 33 = 0. Let o be b(p). Suppose -111 = -3*j + k, 4*j - 203 = 3*k - o. List the prime factors of j.
37
Let k be (-1 + 12)/(7/(-98)). Let v = 108 + k. Let j = -28 - v. List the prime factors of j.
2, 3
Suppose 4451 - 18652 = -11*g. List the prime factors of g.
1291
Suppose 4*w - 2*q - 1 = 19, -5*w = 4*q - 25. Suppose 0*y - w = -5*y. List the prime factors of 1606/33 + y/3.
7
Suppose -4*c + 4 = 0, c = -x + 4*x - 788. List the prime factors of x.
263
Suppose 5*p - 4*p + 34 = 0. Let y = p - -160. What are the prime factors of y?
2, 3, 7
Suppose -3*r + 3 = 0, -r = 5*z + 2*r - 18. Suppose z*f = 2*f + 33. Let q = f + -13. What are the prime factors of q?
2, 5
Let f(q) = -9*q + 8 - q**2 - 2 - 15. What are the prime factors of f(-5)?
11
Suppose 0 = -25*j + 24*j + t + 5302, -4*j = -3*t - 21207. List the prime factors of j.
3, 19, 31
Let c(d) = 79*d - 6. List the prime factors of c(4).
2, 5, 31
Let t = -84 + 35. Let q = 69 + t. What are the prime factors of q?
2, 5
Let n = -62 - -66. Suppose 5*h = -0*h. Suppose -n*f + 64 + 16 = h. What are the prime factors of f?
2, 5
Let u(v) = -v**2 + 10*v + 21. Let j(y) = 2*y**2 - 19*y - 42. Let z(n) = 4*j(n) + 7*u(n). What are the prime factors of z(-6)?
3, 17
Suppose 5*u = 163 + 797. List the prime factors of u.
2, 3
Let r(i) = i + 3 + 5*i**2 - 3*i - 7 + 36*i**2. Let k be r(-2). Suppose -5*b = -3*u - u - 284, 4*u = -3*b + k. What are the prime factors of b?
2, 7
Let g = -9 - -7. Let r be 70 - (g + (-3 - -8)). Suppose -5 = -4*v + r. What are the prime factors of v?
2, 3
Suppose l = 3*l + 2*s - 150, 375 = 5*l + 3*s. What are the prime factors of l?
3, 5
List the prime factors of (90/(-12) - -7)*-94.
47
What are the prime factors of (-3)/((-105)/(-14))*-860?
2, 43
Let d(k) = -209*k - 14. List the prime factors of d(-5).
1031
Let a(z) = 26*z**2 - 6*z + 30. Let s be a(5). Suppose 0 = -10*t + 5*t + s. List the prime factors of t.
2, 5, 13
Let x(a) = 5*a**2 - 5*a - 7. Let h(w) = -w**2 - w. Let y(b) = 6*h(b) + x(b). Let p be -15 - -10 - 6/2. List the prime factors of y(p).
17
Let w(b) be the second derivative of -b**3/3 + 2*b**2 + b. Let y be w(-4). List the prime factors of ((-40)/y)/(2/(-3)).
5
Let y = -11 - -13. Let m be -1 + y*3/6. Suppose 6*h - h - 145 = m. What are the prime factors of h?
29
Let i = -96 - -113. List the prime factors of i.
17
Let u(p) = p**2 - 6*p - 7. Suppose 7*i = 3*i + 28. Let z be u(i). Suppose 2*g - 12 - 20 = z. List the prime factors of g.
2
Let o be -2 + (-64)/(-36) + (-1190)/(-9). Let u = o + -70. List the prime factors of u.
2, 31
Let j be (-2)/(-3) - (8140/(-12) - -1). Suppose -28*k = -34*k + j. What are the prime factors of k?
113
Suppose 5*p - 234 = -2*n, -3*p = -5*n - 4*p + 562. What are the prime factors of n?
2, 7
Let f = -145 + 243. Suppose 0 = -7*j + 2*j + 15. Suppose 3*h - 70 = -x, -3*h + j*x + f = 2*h. What are the prime factors of h?
2, 11
Let d be (-5)/(25/(-10)) - -3. Suppose -5*f + n = -19, -f - 3*f + 21 = 5*n. Suppose -y - 1 = -0*y, -f*u + 201 = -d*y. List the prime factors of u.
7
Let b = 20 + -9. Suppose -13*d + b*d + 10 = 0. List the prime factors of d.
5
Suppose 6*y + 124 = 2*y. Let a be ((-7)/((-21)/(-2)))/((-14)/1155). Let b = a + y. List the prime factors of b.
2, 3
Let b(r) = r**2 - r - 4. Let s be b(3). Suppose s*n = -18 + 66. Suppose 0 = 27*o - 30*o + n. What are the prime factors of o?
2
Let y(a) = 7*a**2 + 8 - a - 5 - 3*a. List the prime factors of y(2).
23
Let f(h) = -h**3 - 5 + 11*h**2 - 7*h + 7 + 7. List the prime factors of f(10).
3, 13
Let p(y) = 2*y + 8 + 55*y**2 + 3*y - 3*y - 7. What are the prime factors of p(1)?
2, 29
Let k = 2274 + -1111. List the prime factors of k.
1163
Suppose -5*t - 4*g + 1293 = 0, 3*t - 384 = -g + 389. Suppose 189 = 3*d - 3*u, -5*d + t = -3*u - 60. What are the prime factors of d?
2
List the prime factors of (-3)/(1 + 1100/(-1095)).
3, 73
What are the prime factors of (33/(-5))/(7/(-980))?
2, 3, 7, 11
Let f = 140 + 565. List the prime factors of f.
3, 5, 47
Let f(o) = o - 17. Let x be f(9). Let c be (3/(-2))/((-6)/x). What are the prime factors of (c/4)/((-6)/336)?
2, 7
Let o(y) = y**3 + 8*y**2 - 9*y + 2.